 2*m - h*q = -19, 2*q - 22 = -m. What is the tens digit of m?
2
Let k = -25 + 30. Suppose -k*j = -j + 268. Let q = j - -95. What is the units digit of q?
8
Suppose -12*c = -0*c - 166730 - 43822. What is the thousands digit of c?
7
Let h = 78 - 74. Suppose -27 - 35 = -2*y + 5*q, -h*q - 37 = -y. Suppose 6 = 4*x + n - 63, x + n = y. What is the tens digit of x?
1
Let t(z) = -23*z + 45. Let i be t(2). Let p(h) = 27*h**2 + 5*h + 6. What is the units digit of p(i)?
8
Suppose 4*m + m - q - 1940 = 0, 4*m = -5*q + 1523. Let o(d) = -6 - 17 + 379*d - m*d - 8. What is the hundreds digit of o(-26)?
1
Let r(g) = 12*g**3 - 19*g**2 + 77*g - 12. Let f be r(5). What is the hundreds digit of (-8 + 96/18)/((-4)/f)?
9
Let p be (-3)/(2/((-24)/9)). Suppose 6*b - b - p*x - 1087 = 0, -3*b = -4*x - 657. Suppose 3*v - 3*f = 266 - 47, 0 = -3*v + f + b. What is the tens digit of v?
7
Let h(i) = -5*i**3 + 6*i**2 - 3*i - 4. Let k be h(4). Let w = 28 - k. What is the tens digit of w?
6
Suppose 0 = -v + 4*b - 3, v - 5*b + 4 = -0*v. Let l be v/1 + 80 + 6. Let p = l + -26. What is the tens digit of p?
6
Let m(a) = a**3 + 6*a**2 + 5*a - 1. Let j be m(-2). Suppose -4*l + d + j = 4954, -4*l - d - 4939 = 0. What is the tens digit of (l/20 + -3)/(9/(-30))?
1
Suppose -353*r + 346*r - 3003 = 0. Let s = r + 1294. What is the units digit of s?
5
Let w be ((-384)/(-224))/(4/1918). Suppose -w = -14*i + 1418. What is the units digit of i?
0
Let q(i) = 10*i**3 + i**2 - 4*i - 3 + 10*i**3 - i - 16*i**3. What is the units digit of q(5)?
7
Let f = -40 + 41. Let l be f/2*-2*-1. What is the hundreds digit of l + (-14)/(-21) + 740/6?
1
Let o be (0/(-6 + 2))/(-4) - -3569. Suppose 0 = -5*t - 724 + o. What is the hundreds digit of t?
5
Let c be (3 - 7)*-9 - -1 - 2. Suppose -c = -8*m + 3*m. Suppose m*q - 203 = -0*q. What is the tens digit of q?
2
Suppose -23*d + 2*n + 208786 = -18*d, -2*d + 83526 = 5*n. What is the ten thousands digit of d?
4
Let y(d) = -d**3 + 77*d**2 - 259*d + 521. What is the ten thousands digit of y(66)?
3
Let f(n) be the third derivative of -n**5/120 + 5*n**4/4 + n**3 - 4*n**2. Let r(h) be the first derivative of f(h). What is the units digit of r(14)?
6
Let y be (-1 - (3 - 9)) + -1. Suppose 0 = 4*s - 6*s - y*g + 1634, -2*g = -3*s + 2427. What is the tens digit of s?
1
Suppose 4*a = 4*j - 92, 4*j + 0*j - 116 = -2*a. Suppose -38 - j = -5*p. What is the units digit of p?
3
Let b(g) = 115*g + 67. Let r(z) = -58*z - 33. Let a(i) = -4*b(i) - 9*r(i). What is the hundreds digit of a(2)?
1
Let t be (1 - (-46)/(-4))/(28/(-224)). Let f = 87 - t. Suppose 243 = y + f*p, 5*y - 4*p - 1128 = 125. What is the units digit of y?
9
Suppose 42165 + 33815 = -4*v. What is the units digit of (-2)/(-9) - v/261?
3
Suppose -38 = -15*f - 8. Suppose f*t = 1146 + 266. What is the tens digit of t?
0
Let o(z) = -7*z**2 - 9*z - 10. Let f be o(-1). What is the hundreds digit of f*-458*1/8?
4
Let j = 167 - 279. What is the tens digit of 84/j + 1655/4?
1
Suppose -2*w + 7426 = 2*y - 5954, -11*y = 4*w - 26718. What is the units digit of w?
6
Let r(m) = 3*m**2 + 3*m - 13. Let b = -99 + 113. Let l be (-15)/(-2) - ((-63)/b + 3). What is the units digit of r(l)?
7
Suppose -4*m + 2 + 10 = 0. Suppose 0*l - 4 = 2*l, m*c - 592 = -l. Suppose -c = -5*z + 3*x, -4*x - 50 = -z - 6*x. What is the units digit of z?
2
Suppose 651703 = 17*z - 432625. What is the ten thousands digit of z?
6
Suppose -585*z + 609*z = 7296. What is the tens digit of z?
0
Suppose 2*h - 2 = 14. Suppose -5*d - 2*q = -6, -d - 3*q = h - 4. What is the units digit of d?
2
Let y be 96/(-14) - -6*(-4)/168. Let z(n) = 2*n + 17. Let w be z(y). Suppose -184 = -r - w*r. What is the tens digit of r?
4
Let b(t) = 14*t**2 - 4*t + 12. Let v be b(4). Let m = 111 + v. Suppose -m - 579 = -14*l. What is the tens digit of l?
6
Suppose -2*f = 5*o + 121, -25 = 2*o - 2*f + 29. Let x be 12/(-15) - 9820/o. Suppose x = 5*r + 132. What is the tens digit of r?
5
Let i = 929 - 382. Let o(v) = -94*v - 3. Let b be o(-1). Suppose b = -4*t + i. What is the tens digit of t?
1
Let q = -380 - -376. Let j(x) = 624*x**3 - x**2 - x. Let h be j(-1). What is the units digit of 6/(q/h*9)?
4
Suppose -5*g = -10, -5*n + 18 = 4*g - 0*g. What is the hundreds digit of (-1695)/20*(-8)/n?
3
Suppose 4*d + 8 = 0, b - 5085 = d + 1245. What is the hundreds digit of b?
3
Let l(u) = -u**2 + 22*u - 45. Let z be l(18). Suppose -2*t - z*v = -22*v - 250, 0 = 2*t - 5*v - 270. What is the hundreds digit of t?
1
What is the thousands digit of 17 + (24387 - (-2 + 3))?
4
Let o(j) = -9*j - 14. Let h = -64 + 66. Suppose -5*m + 2*p - 2 = 2, -h = 4*m - 2*p. What is the units digit of o(m)?
4
Suppose -117*k + 1037974 = -782663. What is the units digit of k?
1
Let m(o) = -3*o**3 - 42*o**2 + 5*o + 91. What is the units digit of m(-24)?
1
Let k = 6444 + -2593. What is the thousands digit of k?
3
What is the hundreds digit of (168/98)/(2/6447)?
5
Suppose 199956 = -2478*b + 2482*b - 4*f, 3*f + 49973 = b. What is the thousands digit of b?
9
Suppose 6902 = -11*i + 40*i. Suppose -x - i = 5*w - 591, 3*x - 999 = -3*w. What is the hundreds digit of x?
3
Let f be (160/25 + -6)/((-1)/(-10)). Suppose 3720 = f*c - 4*r + r, -c + 925 = -2*r. What is the tens digit of c?
3
Let z(v) = 12*v**2 - 4. Let p = 118 - 115. Suppose p*j + 2 - 8 = 0. What is the units digit of z(j)?
4
Let o be (1 + -1)*(0 + 3)/(-3). Suppose o = 2*a - 96 - 306. Suppose 2*i - 71 = 2*k - 3*k, 2*i - a = -3*k. What is the units digit of k?
5
Suppose -2*y + 2 = 0, 0 = -2*f - 3*f - y - 14. Let t be ((-74)/f)/((-6)/(-117)). Suppose -4*n = -q + 107, -4*q = n - 15 - t. What is the hundreds digit of q?
1
Let a(k) = k**3 + 6*k**2 - 9*k - 2. Let m be a(-7). What is the units digit of (-1 - 134)*(32/m + -8)?
0
What is the tens digit of -1 - ((-432)/32 - -13)/((-2)/(-25240))?
0
Let x(n) be the first derivative of -2*n**2 + 12*n + 1. Let t(i) = 4*i**2 + 61*i + 3. Let f be t(-15). What is the tens digit of x(f)?
6
Let g be 1684/(-3)*(-7 - -5 - 1). Let x = g + -833. Suppose x - 113 = 6*m. What is the hundreds digit of m?
1
Suppose 3*n - 3*s - 3 = 0, 4*n + 5*s - 2 - 2 = 0. Let r(l) = 182*l + 3. What is the hundreds digit of r(n)?
1
Let l be 7092/12 + 8 + -1. Let y = -278 + l. What is the tens digit of y?
2
Suppose 0*p + 2*p - k = -5, -4*p + 3*k = 5. Let y(w) = -2*w**3 - 6*w**2 + 4*w - 4. What is the tens digit of y(p)?
7
What is the hundreds digit of (73 - 57)*1854/8?
7
Let u(s) = -2*s + 15. Let g be u(-22). Suppose -g - 25 = -3*t. What is the units digit of t?
8
Suppose 264*n - 276*n + 48096 = 0. What is the units digit of n?
8
Suppose -30 = -2*g - 20. Let l be (-10)/4*((-7)/g - -3). Let o = l - -115. What is the hundreds digit of o?
1
Suppose -8*s + 20020 = 27*s. Suppose b - 6 = -v, v - 18 = -3*b - v. Suppose 178 = b*a - s. What is the units digit of a?
5
What is the units digit of (-2 + 5)*(139625/15 - -6 - -14)?
5
Let i(t) = t**2 - 9*t + 1. Let p be (-2184)/(-35) + (-2)/5. Suppose 8*n = p + 74. What is the tens digit of i(n)?
3
What is the ten thousands digit of (-42035)/3603*(-2272 + 0 + 1)?
2
Let o(t) = -t**3 - 10*t**2 - 8*t + 13. Suppose -41 = 4*d + 5*v, 4*d + v = 5*d + 8. Let x be o(d). Suppose -x*i + 219 = -i. What is the units digit of i?
3
Let l(f) = -29 + 0 + 13*f - 1 + 20*f + 0. What is the tens digit of l(4)?
0
Let f(w) = 4*w - 15. Let z be f(6). Suppose 3*i - z = 2*i + 4*m, 2*m + 7 = 3*i. What is the tens digit of i + 51 + 2 - -2?
5
Let y(u) = -122*u**2 - 5*u - 4. Let q be y(-1). Let g = 795 + q. What is the tens digit of g?
7
Let c = -551 + 309. Let a = 51 - c. Let p = -144 + a. What is the units digit of p?
9
Let h(b) = -b**3 - 7*b**2 - 7. Let s be h(-8). Let n = 239 + s. What is the units digit of n?
6
Let c = 73 + -70. Suppose c*b + 0*b + 9 = 4*v, -6 = -4*v + 2*b. Suppose v = -3*m + 99 + 438. What is the units digit of m?
9
Let n = 2416 - 1440. Let a = -581 + n. What is the units digit of a?
5
Suppose -9*h + 72 = -5*h. Suppose 0 = -f - 2*f + 3*s - h, 21 = -2*f + 5*s. What is the tens digit of -1*((-4 - 225) + f - -3)?
2
Suppose 4*v - 4*f = 16612, -4*f - 16600 = -4*v - 3*f. Let w = -2944 + v. What is the tens digit of w?
0
Suppose 5*y + 3*f - 4818 = 1197, -20 = -4*f. What is the thousands digit of y?
1
Suppose 25 = -y + 27. Suppose -473 = -y*f - 3*z, f - z - 4*z =